 80405123?
0
What is the thousands digit of 130120756?
0
What is the hundred millions digit of 551628601?
5
What is the thousands digit of 65522724?
2
What is the ten millions digit of 1909124897?
0
What is the ten thousands digit of 473088362?
8
What is the thousands digit of 6463410136?
0
What is the billions digit of 1656086584?
1
What is the hundreds digit of 669797094?
0
What is the thousands digit of 253644962?
4
What is the hundred thousands digit of 33450462?
4
What is the millions digit of 18268838?
8
What is the ten millions digit of 1567482374?
6
What is the millions digit of 957375362?
7
What is the tens digit of 108501477?
7
What is the units digit of 4074700417?
7
What is the hundred millions digit of 2167005021?
1
What is the billions digit of 1293653207?
1
What is the ten thousands digit of 262990502?
9
What is the hundreds digit of 458565304?
3
What is the ten thousands digit of 736925?
3
What is the ten thousands digit of 1478793736?
9
What is the hundreds digit of 1199338875?
8
What is the thousands digit of 1417924109?
4
What is the thousands digit of 189630167?
0
What is the hundred millions digit of 138782812?
1
What is the hundred thousands digit of 3988411843?
4
What is the hundreds digit of 1247966210?
2
What is the ten millions digit of 421405671?
2
What is the millions digit of 201225124?
1
What is the units digit of 167677467?
7
What is the hundred thousands digit of 30360413?
3
What is the millions digit of 1508102788?
8
What is the hundred thousands digit of 123275498?
2
What is the hundred thousands digit of 11490774?
4
What is the tens digit of 2955052659?
5
What is the hundreds digit of 1460528694?
6
What is the billions digit of 5300769089?
5
What is the hundreds digit of 2307642223?
2
What is the thousands digit of 37759984?
9
What is the ten thousands digit of 626558742?
5
What is the units digit of 55775053?
3
What is the hundred millions digit of 494222799?
4
What is the thousands digit of 1678632854?
2
What is the hundreds digit of 316650082?
0
What is the thousands digit of 96460080?
0
What is the units digit of 239467111?
1
What is the thousands digit of 31175392?
5
What is the millions digit of 107187154?
7
What is the ten thousands digit of 849184472?
8
What is the units digit of 250032313?
3
What is the millions digit of 83631200?
3
What is the thousands digit of 2579874721?
4
What is the ten millions digit of 157774484?
5
What is the units digit of 115474171?
1
What is the hundred thousands digit of 33728790?
7
What is the tens digit of 53120625?
2
What is the tens digit of 75819381?
8
What is the tens digit of 14199376?
7
What is the hundred millions digit of 1127073729?
1
What is the ten thousands digit of 2105527729?
2
What is the millions digit of 28503167?
8
What is the millions digit of 5383594?
5
What is the hundred thousands digit of 111715993?
7
What is the hundred millions digit of 101461616?
1
What is the thousands digit of 5441524150?
4
What is the hundred thousands digit of 90010104?
0
What is the ten millions digit of 43150789?
4
What is the units digit of 914915135?
5
What is the units digit of 2866186238?
8
What is the millions digit of 2676175254?
6
What is the ten millions digit of 53580857?
5
What is the millions digit of 3610181685?
0
What is the thousands digit of 1635645467?
5
What is the hundred thousands digit of 1510898479?
8
What is the billions digit of 3991688115?
3
What is the millions digit of 58602606?
8
What is the ten millions digit of 574681572?
7
What is the millions digit of 6192766?
6
What is the hundred thousands digit of 220188677?
1
What is the ten thousands digit of 71700221?
0
What is the millions digit of 3968595?
3
What is the ten millions digit of 115479019?
1
What is the thousands digit of 803985027?
5
What is the hundreds digit of 15601438?
4
What is the tens digit of 636811576?
7
What is the hundreds digit of 55120612?
6
What is the tens digit of 64242512?
1
What is the tens digit of 57067168?
6
What is the thousands digit of 34227458?
7
What is the units digit of 7453460025?
5
What is the tens digit of 3095880051?
5
What is the tens digit of 154820746?
4
What is the ten thousands digit of 212841725?
4
What is the hundred thousands digit of 132891025?
8
What is the hundreds digit of 69557994?
9
What is the hundreds digit of 83017214?
2
What is the tens digit of 5587499513?
1
What is the ten thousands digit of 24163079?
6
What is the hundred thousands digit of 63126287?
1
What is the thousands digit of 208055379?
5
What is the hundred thousands digit of 114492868?
4
What is the thousands digit of 302121984?
1
What is the ten thousands digit of 273405493?
0
What is the hundred thousands digit of 100070533?
0
What is the tens digit of 66968759?
5
What is the tens digit of 1096269337?
3
What is the hundred thousands digit of 10646182?
6
What is the tens digit of 5772702010?
1
What is the units digit of 3891181?
1
What is the tens digit of 1202843854?
5
What is the units digit of 7399638007?
7
What is the thousands digit of 132157233?
7
What is the hundred thousands digit of 115688158?
6
What is the hundred thousands digit of 8416526933?
5
What is the units digit of 140576856?
6
What is the hundreds digit of 3891062303?
3
What is the thousands digit of 14362872?
2
What is the hundred thousands digit of 119843413?
8
What is the ten thousands digit of 68005026?
0
What is the hundred thousands digit of 28320008?
3
What is the units digit of 4039760?
0
What is the tens digit of 48759826?
2
What is the hundred thousands digit of 627075883?
0
What is the millions digit of 4532748891?
2
What is the hundred thousands digit of 37293540?
2
What is the thousands digit of 1268839401?
9
What is the hundreds digit of 423793460?
4
What is the millions digit of 214981511?
4
What is the thousands digit of 209825876?
5
What is the thousands digit of 19838119?
8
What is the units digit of 9363210151?
1
What is the units digit of 492802340?
0
What is the thousands digit of 8293486?
3
What is the ten millions digit of 878830655?
7
What is the ten thousands digit of 205536152?
3
What is the ten millions digit of 1603449077?
0
What is the ten millions digit of 57718886?
5
What is the thousands digit of 2293116132?
6
What is the hundred thousands digit of 16793356?
7
What is the ten millions digit of 2106123913?
0
What is the hundred millions digit of 982197554?
9
What is the units digit of 3974116927?
7
What is the tens digit of 744903575?
7
What is the hundred thousands digit of 6740807793?
8
What is the millions digit of 11154928?
1
What is the millions digit of 25869980?
5
What is the hundreds digit of 2265572481?
4
What is the hundred thousands digit of 761248630?
2
What is the units digit of 369883426?
6
What is the units digit of 259697586?
6
What is the hundred thousands digit of 832611887?
6
What is the billions digit of 1609451071?
1
What is the thousands digit of 119038056?
8
What is the tens digit of 14331105?
0
What is the thousands digit of 1533924352?
4
What is the hundreds digit of 121217361?
3
What is the hundreds digit of 360609?
6
What is the tens digit of 713435758?
5
What is the ten millions digit of 10423021?
1
What is the ten millions digit of 6244357612?
4
What is the billions digit of 1010273871?
1
What is the hundred millions digit of 170758615?
1
What is the units digit of 300372796?
6
What is the tens digit of 534350570?
7
What is the hundred thousands digit of 855684816?
6
What is the ten thousands digit of 4523241712?
4
What is the hundred millions digit of 143943107?
1
What is the hundred thousands digit of 1488362460?
3
What is the ten millions digit of 656915431?
5
What is the hundreds digit of 685152824?
8
What is the tens digit of 8203274?
7
What is the hundreds digit of 36450344?
3
What is the hundreds digit of 1370738678?
6
What is the ten thousands digit of 274005031?
0
What is the thousands digit of 129156219?
6
What is the thousands digit of 8605102?
5
What is the millions digit of 1107826899?
7
What is the hundreds digit of 23977451?
4
What is the units digit of 180467614?
4
What is the hundreds digit of 4153572545?
5
What is the ten millions digit of 64375134?
6
What is the tens digit of 50057035?
3
What is the ten millions digit of 6